 10*n - 120. Calculate the remainder when n is divided by 5.
2
Let x(o) = -6*o - 4. What is the remainder when 61 is divided by x(-6)?
29
Let c = 7 + 4. What is the remainder when 19 is divided by c?
8
Suppose -l + 4*d + 30 = l, -9 = 3*d. Let v = 17 + 8. Calculate the remainder when v is divided by l.
7
Let y(s) = -s**2 + 7*s + 3. Let c be y(7). Suppose 2*k - 3*d - 16 = -0*d, -c*k - d + 46 = 0. Calculate the remainder when k is divided by 8.
6
Suppose 5*v - 30 = j - 0*j, 0 = 3*v - 3*j - 18. Suppose 2*y + 3 = -1. What is the remainder when v is divided by ((-12)/2)/(3/y)?
2
Let v(g) = g**2 + g + 3. What is the remainder when 56 is divided by v(-4)?
11
Let a(v) = 34*v + 1. What is the remainder when a(1) is divided by 9?
8
Let m(c) = c**3 - 7*c**2 + c - 3. Let w be m(7). Suppose -33 = -w*r + r. Suppose -3*f + 172 = f. Calculate the remainder when f is divided by r.
10
Let s(q) = 5*q + 14. Let o be s(7). Suppose 4*m - o + 9 = 0. Calculate the remainder when 29 is divided by m.
9
Suppose 7 = -2*f + 17. Calculate the remainder when 9 is divided by 4*(30/8)/f.
0
Calculate the remainder when 79 is divided by 2*(-3)/21 - 568/(-28).
19
Suppose -65*k + 62*k = -48. Calculate the remainder when 78 is divided by k.
14
Let r(l) = 7*l - 1. Let h(u) = u**2 + u - 7. Let b be h(5). What is the remainder when (-6)/(-1 + -2) + b is divided by r(2)?
12
Calculate the remainder when 17 + (-3 - -5) + 3 is divided by 13.
9
Let r(y) = -y**2 - 16*y - 14. What is the remainder when r(-12) is divided by 12?
10
Calculate the remainder when 4/14 - 720/(-28) is divided by 9.
8
Let t(u) = 3*u**3 - 3*u**2 + 4*u - 2. Let h be t(2). Let j = -15 + h. What is the remainder when j is divided by 1?
0
Suppose 0 = -3*i - 2*i + 15. Calculate the remainder when i/(-18)*-3*22 is divided by 7.
4
Suppose -2*f + 3*x = -0*x - 202, 0 = -f + 5*x + 87. Suppose -2*r = -6*r + 812. Suppose -5*s + r = -f. What is the remainder when s is divided by 21?
20
Let i be 2/5 - (-8)/(-20). Let f(p) = 2*p + 27. What is the remainder when 78 is divided by f(i)?
24
Suppose 4*h = 23 + 21. Let s = h + 18. What is the remainder when 113 is divided by s?
26
Let l(j) = j**2 - j. Let h be l(0). Suppose 5*d + 3*i - 68 = h, -4*i - 61 = 3*d - 8*d. What is the remainder when (1 - 51)*(-2)/4 is divided by d?
12
Suppose 3*m = -114 + 294. Suppose 2*f = -5*j + 134, 5*f = 3*j - m - 39. What is the remainder when 54 is divided by j?
26
What is the remainder when 97 + -1*(2 - 7) is divided by 35?
32
Let y(s) = s**3 - 8*s**2 + 2*s - 12. Let p be y(8). Let m = p + -3. Calculate the remainder when 2 is divided by m.
0
Calculate the remainder when 285*((-10)/15 + 1) is divided by 32.
31
Suppose 4*t - h + 4*h - 191 = 0, -t + 48 = h. Let a(s) = s**3 + 6*s**2 + 3*s + 5. What is the remainder when t is divided by a(-4)?
22
Let q(k) = 26*k - 3. What is the remainder when 59 is divided by q(1)?
13
Let u be 3/((18/15)/2). Suppose -5*f + 70 = u*r, -3*r - 5 = 4*f - 47. Let m = 39 - r. Calculate the remainder when m is divided by 13.
12
Suppose 17 = 5*i - 48. Let q = -4 + i. Let g = 17 - -8. What is the remainder when g is divided by q?
7
Calculate the remainder when (80/(-48))/((-1)/3) is divided by 5.
0
Let g(f) = -f**2 + 11*f - 7. Let t be g(8). Let p = 5 - t. What is the remainder when ((-10)/4)/(3/p) is divided by 6?
4
Suppose 104 = 2*c + 2*u, -3*c + 4*c - 4*u = 27. What is the remainder when c is divided by 25?
22
Let d(k) = -5 - 1 - 3*k + k. What is the remainder when 22 is divided by d(-7)?
6
Let k = 8 - 6. Suppose -4*c - k*l = l + 3, -4*l = -3*c + 29. What is the remainder when 6 is divided by c?
0
Let l be ((-2)/(-6))/((-2)/(-18)). Suppose l*v = 5*w + 28 + 26, -4*v + 72 = -4*w. Let x = 20 - 10. Calculate the remainder when v is divided by x.
8
Let o(l) = -l - 7. Let u be o(7). Calculate the remainder when (-556)/u - 4/(-14) is divided by 14.
12
Suppose -145 = -22*v + 17*v. Let r = -24 - -34. What is the remainder when v is divided by r?
9
Let a = 140 + -55. What is the remainder when a is divided by 22?
19
Let b be 945/(-18)*4/(-5). Suppose -39 = -3*o + 42. Suppose -b = -3*a + o. Calculate the remainder when 44 is divided by a.
21
Let f be 2/(-3) - (-1540)/33. Suppose -2*v - 3*v = -5*l + 210, -v = l - f. Calculate the remainder when l is divided by 15.
14
Let b be 2/13 - (-16)/(-104). Suppose b = 3*s - 19 - 137. Calculate the remainder when s is divided by 14.
10
What is the remainder when 42 is divided by (-8)/4*(-5 + -2)?
0
Let t = -1 + 10. Let s(x) = -5*x + 6. What is the remainder when s(-4) is divided by t?
8
Let f(v) = v**2 - 5*v - 3. Suppose -3*b - 40 = -7*b. Suppose -s = -k - 4*k + b, -s = -k - 6. What is the remainder when f(s) is divided by 24?
23
Let i(d) = -d - 9. Let t be i(-8). Let m = t + 2. Calculate the remainder when 43 is divided by (3 + 10)*m + 2.
13
Let h(d) be the third derivative of 9*d**5/20 - d**4/24 + 3*d**2. What is the remainder when h(1) is divided by 9?
8
Let b = -101 - -138. Calculate the remainder when b is divided by 21.
16
Suppose -m - m + 108 = 4*y, -y = -2*m + 93. Calculate the remainder when m is divided by 26.
22
Let x be (7 - 4)/(3/2). Suppose -3 = -x*c - u, 4*c = c + 4*u + 32. Calculate the remainder when c is divided by (-6)/(-3) + 2/2.
1
Let f be -21*(2/(-3))/(-2). Let y = f + 20. Suppose 4 = 5*w + p - 126, 0 = 2*w - 4*p - 30. What is the remainder when w is divided by y?
12
Suppose 0 = -4*n + 7*n - 174. Let a(r) = r**3 + r**2 + r + 15. Calculate the remainder when n is divided by a(0).
13
Suppose 46*j - 104 = 42*j. What is the remainder when 101 is divided by j?
23
Let d(o) = 4*o**2 + 3*o + 1. Let k(r) = 2*r - 6. Calculate the remainder when d(-3) is divided by k(8).
8
Let b(r) = 7*r**3 - r + 2. Calculate the remainder when 3/(-2)*80/(-4) is divided by b(1).
6
Let d = 75 + -67. What is the remainder when 30 is divided by d?
6
Let k be ((-3)/12)/((-1)/116). Suppose 5*d - k = 11. Let r = 12 - -1. Calculate the remainder when r is divided by d.
5
Let x = 97 - 54. Let g = x - 25. Calculate the remainder when g is divided by 10.
8
Let p(f) be the second derivative of -f**4/12 - f**3 - 3*f**2/2 + 2*f. Let h(g) = -g**3 + 5*g**2 + 4*g - 6. What is the remainder when h(5) is divided by p(-2)?
4
Calculate the remainder when 35*(-2)/20*-14 is divided by 13.
10
Let h = 117 + -90. What is the remainder when 215 is divided by h?
26
Let n(f) = -f**2 + 6*f + 7. Let g be n(7). Suppose g = -j + 1 + 12. What is the remainder when j is divided by 7?
6
Suppose -2*y = -19 + 5. What is the remainder when 11 is divided by y?
4
Let i = 26 - 0. What is the remainder when 128 is divided by i?
24
Let f(v) = -v**2 + v + 3. Let i be f(0). Calculate the remainder when 46 is divided by i/9 + (-47)/(-3).
14
Suppose 20 + 8 = 4*r. Calculate the remainder when 40 is divided by r.
5
Let p = 46 + -35. Calculate the remainder when 98 is divided by p.
10
Let p = -8 + 16. What is the remainder when 10 is divided by p?
2
Let a(f) = 2*f**2 + 4*f - 1. Let m be a(-3). Calculate the remainder when 60 is divided by 78/5 + 2/m.
12
Let d = 212 - 175. Calculate the remainder when 219 is divided by d.
34
Let c(r) be the first derivative of r**2/2 + 3*r + 4. Let s be c(0). What is the remainder when (-12)/8*(-92)/s is divided by 12?
10
Suppose 2*t + 35 = -3*o, -3*o = t + o + 30. Let p = 6 - t. Calculate the remainder when p is divided by 9.
7
Suppose 3 = -4*s - u + 21, 12 = 5*s - 4*u. Suppose -x - 4*q = -15, -82 = -s*x - 3*q + 4. What is the remainder when x is divided by 13?
10
Let o = -15 - -19. What is the remainder when o is divided by 3?
1
Let u(s) = -s**2 + 8*s - 9. What is the remainder when 21/7*(1 - -1 - -1) is divided by u(6)?
0
Let a = 0 - -4. Suppose a*v + 52 = 140. Calculate the remainder when 64 is divided by v.
20
Suppose -5*d + 5*y + 431 + 14 = 0, -5*d + 2*y + 451 = 0. Let k = d - 62. Calculate the remainder when k is divided by 8.
5
What is the remainder when 14 is divided by (-9)/((-9)/3) + 1?
2
Let g(u) = -u**2 + 6*u - 5. Let z be g(4). Calculate the remainder when z*(2 + -3) + 58 is divided by 19.
17
Let o be (-7 - -7) + -3*1. Calculate the remainder when (-1 - o)*47/2 is divided by 12.
11
Suppose 4*a = -h + 311, 3*h = -3*a - h + 243. What is the remainder when a is divided by 26?
25
Let v = 14 - -4. Let b be ((-8)